[INFO] fetching crate cw2 1.0.1...
[INFO] checking cw2-1.0.1 against master#e6e4f7ed1589e03bc2f6c5931c1a72e7947e8682 for beta-170-4
[INFO] extracting crate cw2 1.0.1 into /workspace/builds/worker-4-tc2/source
[INFO] validating manifest of crates.io crate cw2 1.0.1 on toolchain e6e4f7ed1589e03bc2f6c5931c1a72e7947e8682
[INFO] running `Command { std: CARGO_HOME="/workspace/cargo-home" RUSTUP_HOME="/workspace/rustup-home" "/workspace/cargo-home/bin/cargo" "+e6e4f7ed1589e03bc2f6c5931c1a72e7947e8682" "metadata" "--manifest-path" "Cargo.toml" "--no-deps", kill_on_drop: false }`
[INFO] removed /workspace/builds/worker-4-tc2/source/.cargo/config
[INFO] started tweaking crates.io crate cw2 1.0.1
[INFO] finished tweaking crates.io crate cw2 1.0.1
[INFO] tweaked toml for crates.io crate cw2 1.0.1 written to /workspace/builds/worker-4-tc2/source/Cargo.toml
[INFO] running `Command { std: CARGO_HOME="/workspace/cargo-home" RUSTUP_HOME="/workspace/rustup-home" __CARGO_TEST_CHANNEL_OVERRIDE_DO_NOT_USE_THIS="nightly" "/workspace/cargo-home/bin/cargo" "+e6e4f7ed1589e03bc2f6c5931c1a72e7947e8682" "generate-lockfile" "--manifest-path" "Cargo.toml" "-Zno-index-update", kill_on_drop: false }`
[INFO] running `Command { std: CARGO_HOME="/workspace/cargo-home" RUSTUP_HOME="/workspace/rustup-home" "/workspace/cargo-home/bin/cargo" "+e6e4f7ed1589e03bc2f6c5931c1a72e7947e8682" "fetch" "--manifest-path" "Cargo.toml", kill_on_drop: false }`
[INFO] running `Command { std: "docker" "create" "-v" "/var/lib/crater-agent-workspace/builds/worker-4-tc2/target:/opt/rustwide/target:rw,Z" "-v" "/var/lib/crater-agent-workspace/builds/worker-4-tc2/source:/opt/rustwide/workdir:ro,Z" "-v" "/var/lib/crater-agent-workspace/cargo-home:/opt/rustwide/cargo-home:ro,Z" "-v" "/var/lib/crater-agent-workspace/rustup-home:/opt/rustwide/rustup-home:ro,Z" "-e" "SOURCE_DIR=/opt/rustwide/workdir" "-e" "CARGO_TARGET_DIR=/opt/rustwide/target" "-e" "CARGO_HOME=/opt/rustwide/cargo-home" "-e" "RUSTUP_HOME=/opt/rustwide/rustup-home" "-w" "/opt/rustwide/workdir" "-m" "1610612736" "--user" "0:0" "--network" "none" "ghcr.io/rust-lang/crates-build-env/linux@sha256:19e73879b68f455e41552ea35293514db52ea292d993f571636dbffedb77a1ee" "/opt/rustwide/cargo-home/bin/cargo" "+e6e4f7ed1589e03bc2f6c5931c1a72e7947e8682" "metadata" "--no-deps" "--format-version=1", kill_on_drop: false }`
[INFO] [stdout] b22086f04a7b9433071c7d972d8f82790075d05b3b18aadd49563cef0c055672
[INFO] running `Command { std: "docker" "start" "-a" "b22086f04a7b9433071c7d972d8f82790075d05b3b18aadd49563cef0c055672", kill_on_drop: false }`
[INFO] running `Command { std: "docker" "inspect" "b22086f04a7b9433071c7d972d8f82790075d05b3b18aadd49563cef0c055672", kill_on_drop: false }`
[INFO] running `Command { std: "docker" "rm" "-f" "b22086f04a7b9433071c7d972d8f82790075d05b3b18aadd49563cef0c055672", kill_on_drop: false }`
[INFO] [stdout] b22086f04a7b9433071c7d972d8f82790075d05b3b18aadd49563cef0c055672
[INFO] running `Command { std: "docker" "create" "-v" "/var/lib/crater-agent-workspace/builds/worker-4-tc2/target:/opt/rustwide/target:rw,Z" "-v" "/var/lib/crater-agent-workspace/builds/worker-4-tc2/source:/opt/rustwide/workdir:ro,Z" "-v" "/var/lib/crater-agent-workspace/cargo-home:/opt/rustwide/cargo-home:ro,Z" "-v" "/var/lib/crater-agent-workspace/rustup-home:/opt/rustwide/rustup-home:ro,Z" "-e" "SOURCE_DIR=/opt/rustwide/workdir" "-e" "CARGO_TARGET_DIR=/opt/rustwide/target" "-e" "CARGO_INCREMENTAL=0" "-e" "RUST_BACKTRACE=full" "-e" "RUSTFLAGS=--cap-lints=forbid" "-e" "RUSTDOCFLAGS=--cap-lints=forbid" "-e" "CARGO_HOME=/opt/rustwide/cargo-home" "-e" "RUSTUP_HOME=/opt/rustwide/rustup-home" "-w" "/opt/rustwide/workdir" "-m" "1610612736" "--user" "0:0" "--network" "none" "ghcr.io/rust-lang/crates-build-env/linux@sha256:19e73879b68f455e41552ea35293514db52ea292d993f571636dbffedb77a1ee" "/opt/rustwide/cargo-home/bin/cargo" "+e6e4f7ed1589e03bc2f6c5931c1a72e7947e8682" "check" "--frozen" "--all" "--all-targets" "--message-format=json", kill_on_drop: false }`
[INFO] [stdout] 03885bff031eac05326f82c19c5ef27222be5c8af81a445dfdcac6610212f50a
[INFO] running `Command { std: "docker" "start" "-a" "03885bff031eac05326f82c19c5ef27222be5c8af81a445dfdcac6610212f50a", kill_on_drop: false }`
[INFO] [stderr]    Compiling generic-array v0.14.7
[INFO] [stderr]     Checking subtle v2.5.0
[INFO] [stderr]     Checking zeroize v1.6.0
[INFO] [stderr]     Checking const-oid v0.9.2
[INFO] [stderr]    Compiling serde v1.0.163
[INFO] [stderr]    Compiling syn v1.0.109
[INFO] [stderr]     Checking base64ct v1.6.0
[INFO] [stderr]    Compiling ahash v0.7.6
[INFO] [stderr]     Checking cpufeatures v0.2.7
[INFO] [stderr]     Checking base16ct v0.1.1
[INFO] [stderr]    Compiling serde_json v1.0.96
[INFO] [stderr]     Checking byteorder v1.4.3
[INFO] [stderr]     Checking once_cell v1.17.2
[INFO] [stderr]     Checking getrandom v0.2.9
[INFO] [stderr]    Compiling crunchy v0.2.2
[INFO] [stderr]     Checking rand_core v0.5.1
[INFO] [stderr]    Compiling schemars v0.8.12
[INFO] [stderr]     Checking dyn-clone v1.0.11
[INFO] [stderr]     Checking forward_ref v1.0.0
[INFO] [stderr]     Checking der v0.6.1
[INFO] [stderr]     Checking rand_core v0.6.4
[INFO] [stderr]     Checking ff v0.12.1
[INFO] [stderr]     Checking group v0.12.1
[INFO] [stderr]     Checking uint v0.9.5
[INFO] [stderr]     Checking hashbrown v0.12.3
[INFO] [stderr]     Checking spki v0.6.0
[INFO] [stderr]     Checking pkcs8 v0.9.0
[INFO] [stderr]     Checking block-buffer v0.10.4
[INFO] [stderr]     Checking crypto-common v0.1.6
[INFO] [stderr]     Checking crypto-bigint v0.4.9
[INFO] [stderr]     Checking digest v0.9.0
[INFO] [stderr]     Checking block-buffer v0.9.0
[INFO] [stderr]     Checking sec1 v0.3.0
[INFO] [stderr]     Checking curve25519-dalek v3.2.0
[INFO] [stderr]     Checking sha2 v0.9.9
[INFO] [stderr]     Checking digest v0.10.7
[INFO] [stderr]     Checking hmac v0.12.1
[INFO] [stderr]     Checking signature v1.6.4
[INFO] [stderr]     Checking sha2 v0.10.6
[INFO] [stderr]     Checking elliptic-curve v0.12.3
[INFO] [stderr]     Checking rfc6979 v0.3.1
[INFO] [stderr]     Checking ecdsa v0.14.8
[INFO] [stderr]     Checking k256 v0.11.6
[INFO] [stderr]     Checking ed25519-zebra v3.1.0
[INFO] [stderr]     Checking serde-json-wasm v0.5.1
[INFO] [stderr]     Checking cosmwasm-crypto v1.2.5
[INFO] [stderr]    Compiling serde_derive_internals v0.26.0
[INFO] [stderr]    Compiling schemars_derive v0.8.12
[INFO] [stderr]    Compiling cosmwasm-derive v1.2.5
[INFO] [stderr]    Compiling derivative v2.2.0
[INFO] [stderr]     Checking cosmwasm-std v1.2.5
[INFO] [stderr]     Checking cosmwasm-schema v1.0.1
[INFO] [stderr]     Checking cw-storage-plus v1.0.1
[INFO] [stderr]     Checking cw2 v1.0.1 (/opt/rustwide/workdir)
[INFO] [stdout] error[E0432]: unresolved import `cosmwasm_schema::cw_serde`
[INFO] [stdout]   --> src/lib.rs:20:5
[INFO] [stdout]    |
[INFO] [stdout] 20 | use cosmwasm_schema::cw_serde;
[INFO] [stdout]    |     ^^^^^^^^^^^^^^^^^^^^^^^^^ no `cw_serde` in the root
[INFO] [stdout] 
[INFO] [stdout] 
[INFO] [stdout] error[E0432]: unresolved import `cosmwasm_schema::cw_serde`
[INFO] [stdout]   --> src/lib.rs:20:5
[INFO] [stdout]    |
[INFO] [stdout] 20 | use cosmwasm_schema::cw_serde;
[INFO] [stdout]    |     ^^^^^^^^^^^^^^^^^^^^^^^^^ no `cw_serde` in the root
[INFO] [stdout] 
[INFO] [stdout] 
[INFO] [stdout] error: cannot determine resolution for the attribute macro `cw_serde`
[INFO] [stdout]   --> src/lib.rs:26:3
[INFO] [stdout]    |
[INFO] [stdout] 26 | #[cw_serde]
[INFO] [stdout]    |   ^^^^^^^^
[INFO] [stdout]    |
[INFO] [stdout]    = note: import resolution is stuck, try simplifying macro imports
[INFO] [stdout] 
[INFO] [stdout] 
[INFO] [stdout] error: cannot determine resolution for the attribute macro `cw_serde`
[INFO] [stdout]   --> src/lib.rs:26:3
[INFO] [stdout]    |
[INFO] [stdout] 26 | #[cw_serde]
[INFO] [stdout]    |   ^^^^^^^^
[INFO] [stdout]    |
[INFO] [stdout]    = note: import resolution is stuck, try simplifying macro imports
[INFO] [stdout] 
[INFO] [stdout] 
[INFO] [stdout] error[E0599]: the method `load` exists for struct `Item<'static, ContractVersion>`, but its trait bounds were not satisfied
[INFO] [stdout]    --> src/lib.rs:40:14
[INFO] [stdout]     |
[INFO] [stdout] 27  | pub struct ContractVersion {
[INFO] [stdout]     | --------------------------
[INFO] [stdout]     | |
[INFO] [stdout]     | doesn't satisfy `ContractVersion: serde::de::Deserialize<'de>`
[INFO] [stdout]     | doesn't satisfy `ContractVersion: serde::de::DeserializeOwned`
[INFO] [stdout]     | doesn't satisfy `ContractVersion: serde::ser::Serialize`
[INFO] [stdout] ...
[INFO] [stdout] 40  |     CONTRACT.load(store)
[INFO] [stdout]     |              ^^^^ method cannot be called on `Item<'static, ContractVersion>` due to unsatisfied trait bounds
[INFO] [stdout]     |
[INFO] [stdout]     = note: the following trait bounds were not satisfied:
[INFO] [stdout]             `ContractVersion: serde::ser::Serialize`
[INFO] [stdout]             `ContractVersion: serde::de::DeserializeOwned`
[INFO] [stdout]             `ContractVersion: serde::de::Deserialize<'de>`
[INFO] [stdout]             which is required by `ContractVersion: serde::de::DeserializeOwned`
[INFO] [stdout] note: the traits `serde::de::DeserializeOwned` and `serde::ser::Serialize` must be implemented
[INFO] [stdout]    --> /opt/rustwide/cargo-home/registry/src/index.crates.io-6f17d22bba15001f/serde-1.0.163/src/de/mod.rs:603:1
[INFO] [stdout]     |
[INFO] [stdout] 603 | pub trait DeserializeOwned: for<'de> Deserialize<'de> {}
[INFO] [stdout]     | ^^^^^^^^^^^^^^^^^^^^^^^^^^^^^^^^^^^^^^^^^^^^^^^^^^^^^
[INFO] [stdout]     |
[INFO] [stdout]    ::: /opt/rustwide/cargo-home/registry/src/index.crates.io-6f17d22bba15001f/serde-1.0.163/src/ser/mod.rs:218:1
[INFO] [stdout]     |
[INFO] [stdout] 218 | pub trait Serialize {
[INFO] [stdout]     | ^^^^^^^^^^^^^^^^^^^
[INFO] [stdout] 
[INFO] [stdout] 
[INFO] [stdout] error[E0599]: the method `load` exists for struct `Item<'static, ContractVersion>`, but its trait bounds were not satisfied
[INFO] [stdout]    --> src/lib.rs:40:14
[INFO] [stdout]     |
[INFO] [stdout] 27  | pub struct ContractVersion {
[INFO] [stdout]     | --------------------------
[INFO] [stdout]     | |
[INFO] [stdout]     | doesn't satisfy `ContractVersion: serde::de::Deserialize<'de>`
[INFO] [stdout]     | doesn't satisfy `ContractVersion: serde::de::DeserializeOwned`
[INFO] [stdout]     | doesn't satisfy `ContractVersion: serde::ser::Serialize`
[INFO] [stdout] ...
[INFO] [stdout] 40  |     CONTRACT.load(store)
[INFO] [stdout]     |              ^^^^ method cannot be called on `Item<'static, ContractVersion>` due to unsatisfied trait bounds
[INFO] [stdout]     |
[INFO] [stdout]     = note: the following trait bounds were not satisfied:
[INFO] [stdout]             `ContractVersion: serde::ser::Serialize`
[INFO] [stdout]             `ContractVersion: serde::de::DeserializeOwned`
[INFO] [stdout]             `ContractVersion: serde::de::Deserialize<'de>`
[INFO] [stdout]             which is required by `ContractVersion: serde::de::DeserializeOwned`
[INFO] [stdout] note: the traits `serde::de::DeserializeOwned` and `serde::ser::Serialize` must be implemented
[INFO] [stdout]    --> /opt/rustwide/cargo-home/registry/src/index.crates.io-6f17d22bba15001f/serde-1.0.163/src/de/mod.rs:603:1
[INFO] [stdout]     |
[INFO] [stdout] 603 | pub trait DeserializeOwned: for<'de> Deserialize<'de> {}
[INFO] [stdout]     | ^^^^^^^^^^^^^^^^^^^^^^^^^^^^^^^^^^^^^^^^^^^^^^^^^^^^^
[INFO] [stdout]     |
[INFO] [stdout]    ::: /opt/rustwide/cargo-home/registry/src/index.crates.io-6f17d22bba15001f/serde-1.0.163/src/ser/mod.rs:218:1
[INFO] [stdout]     |
[INFO] [stdout] 218 | pub trait Serialize {
[INFO] [stdout]     | ^^^^^^^^^^^^^^^^^^^
[INFO] [stdout] 
[INFO] [stdout] 
[INFO] [stdout] error[E0599]: the method `save` exists for struct `Item<'static, ContractVersion>`, but its trait bounds were not satisfied
[INFO] [stdout]    --> src/lib.rs:54:14
[INFO] [stdout]     |
[INFO] [stdout] 27  | pub struct ContractVersion {
[INFO] [stdout]     | --------------------------
[INFO] [stdout]     | |
[INFO] [stdout]     | doesn't satisfy `ContractVersion: serde::de::Deserialize<'de>`
[INFO] [stdout]     | doesn't satisfy `ContractVersion: serde::de::DeserializeOwned`
[INFO] [stdout]     | doesn't satisfy `ContractVersion: serde::ser::Serialize`
[INFO] [stdout] ...
[INFO] [stdout] 54  |     CONTRACT.save(store, &val)
[INFO] [stdout]     |              ^^^^ method cannot be called on `Item<'static, ContractVersion>` due to unsatisfied trait bounds
[INFO] [stdout]     |
[INFO] [stdout]     = note: the following trait bounds were not satisfied:
[INFO] [stdout]             `ContractVersion: serde::ser::Serialize`
[INFO] [stdout]             `ContractVersion: serde::de::DeserializeOwned`
[INFO] [stdout]             `ContractVersion: serde::de::Deserialize<'de>`
[INFO] [stdout]             which is required by `ContractVersion: serde::de::DeserializeOwned`
[INFO] [stdout] note: the traits `serde::de::DeserializeOwned` and `serde::ser::Serialize` must be implemented
[INFO] [stdout]    --> /opt/rustwide/cargo-home/registry/src/index.crates.io-6f17d22bba15001f/serde-1.0.163/src/de/mod.rs:603:1
[INFO] [stdout]     |
[INFO] [stdout] 603 | pub trait DeserializeOwned: for<'de> Deserialize<'de> {}
[INFO] [stdout]     | ^^^^^^^^^^^^^^^^^^^^^^^^^^^^^^^^^^^^^^^^^^^^^^^^^^^^^
[INFO] [stdout]     |
[INFO] [stdout]    ::: /opt/rustwide/cargo-home/registry/src/index.crates.io-6f17d22bba15001f/serde-1.0.163/src/ser/mod.rs:218:1
[INFO] [stdout]     |
[INFO] [stdout] 218 | pub trait Serialize {
[INFO] [stdout]     | ^^^^^^^^^^^^^^^^^^^
[INFO] [stdout] 
[INFO] [stdout] 
[INFO] [stdout] error[E0599]: the method `save` exists for struct `Item<'static, ContractVersion>`, but its trait bounds were not satisfied
[INFO] [stdout]    --> src/lib.rs:54:14
[INFO] [stdout]     |
[INFO] [stdout] 27  | pub struct ContractVersion {
[INFO] [stdout]     | --------------------------
[INFO] [stdout]     | |
[INFO] [stdout]     | doesn't satisfy `ContractVersion: serde::de::Deserialize<'de>`
[INFO] [stdout]     | doesn't satisfy `ContractVersion: serde::de::DeserializeOwned`
[INFO] [stdout]     | doesn't satisfy `ContractVersion: serde::ser::Serialize`
[INFO] [stdout] ...
[INFO] [stdout] 54  |     CONTRACT.save(store, &val)
[INFO] [stdout]     |              ^^^^ method cannot be called on `Item<'static, ContractVersion>` due to unsatisfied trait bounds
[INFO] [stdout]     |
[INFO] [stdout]     = note: the following trait bounds were not satisfied:
[INFO] [stdout]             `ContractVersion: serde::ser::Serialize`
[INFO] [stdout]             `ContractVersion: serde::de::DeserializeOwned`
[INFO] [stdout]             `ContractVersion: serde::de::Deserialize<'de>`
[INFO] [stdout]             which is required by `ContractVersion: serde::de::DeserializeOwned`
[INFO] [stdout] note: the traits `serde::de::DeserializeOwned` and `serde::ser::Serialize` must be implemented
[INFO] [stdout]    --> /opt/rustwide/cargo-home/registry/src/index.crates.io-6f17d22bba15001f/serde-1.0.163/src/de/mod.rs:603:1
[INFO] [stdout]     |
[INFO] [stdout] 603 | pub trait DeserializeOwned: for<'de> Deserialize<'de> {}
[INFO] [stdout]     | ^^^^^^^^^^^^^^^^^^^^^^^^^^^^^^^^^^^^^^^^^^^^^^^^^^^^^
[INFO] [stdout]     |
[INFO] [stdout]    ::: /opt/rustwide/cargo-home/registry/src/index.crates.io-6f17d22bba15001f/serde-1.0.163/src/ser/mod.rs:218:1
[INFO] [stdout]     |
[INFO] [stdout] 218 | pub trait Serialize {
[INFO] [stdout]     | ^^^^^^^^^^^^^^^^^^^
[INFO] [stdout] 
[INFO] [stdout] 
[INFO] [stdout] error[E0599]: the method `as_slice` exists for struct `Item<'static, ContractVersion>`, but its trait bounds were not satisfied
[INFO] [stdout]    --> src/lib.rs:72:23
[INFO] [stdout]     |
[INFO] [stdout] 27  | pub struct ContractVersion {
[INFO] [stdout]     | --------------------------
[INFO] [stdout]     | |
[INFO] [stdout]     | doesn't satisfy `ContractVersion: serde::de::Deserialize<'de>`
[INFO] [stdout]     | doesn't satisfy `ContractVersion: serde::de::DeserializeOwned`
[INFO] [stdout]     | doesn't satisfy `ContractVersion: serde::ser::Serialize`
[INFO] [stdout] ...
[INFO] [stdout] 72  |         key: CONTRACT.as_slice().into(),
[INFO] [stdout]     |                       ^^^^^^^^ method cannot be called on `Item<'static, ContractVersion>` due to unsatisfied trait bounds
[INFO] [stdout]     |
[INFO] [stdout]     = note: the following trait bounds were not satisfied:
[INFO] [stdout]             `ContractVersion: serde::ser::Serialize`
[INFO] [stdout]             `ContractVersion: serde::de::DeserializeOwned`
[INFO] [stdout]             `ContractVersion: serde::de::Deserialize<'de>`
[INFO] [stdout]             which is required by `ContractVersion: serde::de::DeserializeOwned`
[INFO] [stdout] note: the traits `serde::de::DeserializeOwned` and `serde::ser::Serialize` must be implemented
[INFO] [stdout]    --> /opt/rustwide/cargo-home/registry/src/index.crates.io-6f17d22bba15001f/serde-1.0.163/src/de/mod.rs:603:1
[INFO] [stdout]     |
[INFO] [stdout] 603 | pub trait DeserializeOwned: for<'de> Deserialize<'de> {}
[INFO] [stdout]     | ^^^^^^^^^^^^^^^^^^^^^^^^^^^^^^^^^^^^^^^^^^^^^^^^^^^^^
[INFO] [stdout]     |
[INFO] [stdout]    ::: /opt/rustwide/cargo-home/registry/src/index.crates.io-6f17d22bba15001f/serde-1.0.163/src/ser/mod.rs:218:1
[INFO] [stdout]     |
[INFO] [stdout] 218 | pub trait Serialize {
[INFO] [stdout]     | ^^^^^^^^^^^^^^^^^^^
[INFO] [stdout] 
[INFO] [stdout] 
[INFO] [stdout] error[E0599]: the method `as_slice` exists for struct `Item<'static, ContractVersion>`, but its trait bounds were not satisfied
[INFO] [stdout]    --> src/lib.rs:72:23
[INFO] [stdout]     |
[INFO] [stdout] 27  | pub struct ContractVersion {
[INFO] [stdout]     | --------------------------
[INFO] [stdout]     | |
[INFO] [stdout]     | doesn't satisfy `ContractVersion: serde::de::Deserialize<'de>`
[INFO] [stdout]     | doesn't satisfy `ContractVersion: serde::de::DeserializeOwned`
[INFO] [stdout]     | doesn't satisfy `ContractVersion: serde::ser::Serialize`
[INFO] [stdout] ...
[INFO] [stdout] 72  |         key: CONTRACT.as_slice().into(),
[INFO] [stdout]     |                       ^^^^^^^^ method cannot be called on `Item<'static, ContractVersion>` due to unsatisfied trait bounds
[INFO] [stdout]     |
[INFO] [stdout]     = note: the following trait bounds were not satisfied:
[INFO] [stdout]             `ContractVersion: serde::ser::Serialize`
[INFO] [stdout]             `ContractVersion: serde::de::DeserializeOwned`
[INFO] [stdout]             `ContractVersion: serde::de::Deserialize<'de>`
[INFO] [stdout]             which is required by `ContractVersion: serde::de::DeserializeOwned`
[INFO] [stdout] note: the traits `serde::de::DeserializeOwned` and `serde::ser::Serialize` must be implemented
[INFO] [stdout]    --> /opt/rustwide/cargo-home/registry/src/index.crates.io-6f17d22bba15001f/serde-1.0.163/src/de/mod.rs:603:1
[INFO] [stdout]     |
[INFO] [stdout] 603 | pub trait DeserializeOwned: for<'de> Deserialize<'de> {}
[INFO] [stdout]     | ^^^^^^^^^^^^^^^^^^^^^^^^^^^^^^^^^^^^^^^^^^^^^^^^^^^^^
[INFO] [stdout]     |
[INFO] [stdout]    ::: /opt/rustwide/cargo-home/registry/src/index.crates.io-6f17d22bba15001f/serde-1.0.163/src/ser/mod.rs:218:1
[INFO] [stdout]     |
[INFO] [stdout] 218 | pub trait Serialize {
[INFO] [stdout]     | ^^^^^^^^^^^^^^^^^^^
[INFO] [stdout] 
[INFO] [stdout] 
[INFO] [stdout] error[E0277]: the trait bound `for<'de> ContractVersion: serde::de::Deserialize<'de>` is not satisfied
[INFO] [stdout]    --> src/lib.rs:74:13
[INFO] [stdout]     |
[INFO] [stdout] 74  |     querier.query(&req)
[INFO] [stdout]     |             ^^^^^ the trait `for<'de> serde::de::Deserialize<'de>` is not implemented for `ContractVersion`
[INFO] [stdout]     |
[INFO] [stdout]     = help: the following other types implement trait `serde::de::Deserialize<'de>`:
[INFO] [stdout]               &'a [u8]
[INFO] [stdout]               &'a std::path::Path
[INFO] [stdout]               &'a str
[INFO] [stdout]               ()
[INFO] [stdout]               (T0, T1)
[INFO] [stdout]               (T0, T1, T2)
[INFO] [stdout]               (T0, T1, T2, T3)
[INFO] [stdout]               (T0, T1, T2, T3, T4)
[INFO] [stdout]             and 182 others
[INFO] [stdout]     = note: required for `ContractVersion` to implement `serde::de::DeserializeOwned`
[INFO] [stdout] note: required by a bound in `QuerierWrapper::<'a, C>::query`
[INFO] [stdout]    --> /opt/rustwide/cargo-home/registry/src/index.crates.io-6f17d22bba15001f/cosmwasm-std-1.2.5/src/traits.rs:193:21
[INFO] [stdout]     |
[INFO] [stdout] 193 |     pub fn query<U: DeserializeOwned>(&self, request: &QueryRequest<C>) -> StdResult<U> {
[INFO] [stdout]     |                     ^^^^^^^^^^^^^^^^ required by this bound in `QuerierWrapper::<'a, C>::query`
[INFO] [stdout] 
[INFO] [stdout] 
[INFO] [stdout] error[E0277]: the trait bound `for<'de> ContractVersion: serde::de::Deserialize<'de>` is not satisfied
[INFO] [stdout]    --> src/lib.rs:74:13
[INFO] [stdout]     |
[INFO] [stdout] 74  |     querier.query(&req)
[INFO] [stdout]     |             ^^^^^ the trait `for<'de> serde::de::Deserialize<'de>` is not implemented for `ContractVersion`
[INFO] [stdout]     |
[INFO] [stdout]     = help: the following other types implement trait `serde::de::Deserialize<'de>`:
[INFO] [stdout]               &'a [u8]
[INFO] [stdout]               &'a std::path::Path
[INFO] [stdout]               &'a str
[INFO] [stdout]               ()
[INFO] [stdout]               (T0, T1)
[INFO] [stdout]               (T0, T1, T2)
[INFO] [stdout]               (T0, T1, T2, T3)
[INFO] [stdout]               (T0, T1, T2, T3, T4)
[INFO] [stdout]             and 182 others
[INFO] [stdout]     = note: required for `ContractVersion` to implement `serde::de::DeserializeOwned`
[INFO] [stdout] note: required by a bound in `QuerierWrapper::<'a, C>::query`
[INFO] [stdout]    --> /opt/rustwide/cargo-home/registry/src/index.crates.io-6f17d22bba15001f/cosmwasm-std-1.2.5/src/traits.rs:193:21
[INFO] [stdout]     |
[INFO] [stdout] 193 |     pub fn query<U: DeserializeOwned>(&self, request: &QueryRequest<C>) -> StdResult<U> {
[INFO] [stdout]     |                     ^^^^^^^^^^^^^^^^ required by this bound in `QuerierWrapper::<'a, C>::query`
[INFO] [stdout] 
[INFO] [stdout] 
[INFO] [stdout] error[E0369]: binary operation `==` cannot be applied to type `ContractVersion`
[INFO] [stdout]   --> src/lib.rs:99:9
[INFO] [stdout]    |
[INFO] [stdout] 99 |         assert_eq!(expected, loaded);
[INFO] [stdout]    |         ^^^^^^^^^^^^^^^^^^^^^^^^^^^^
[INFO] [stdout]    |         |
[INFO] [stdout]    |         ContractVersion
[INFO] [stdout]    |         ContractVersion
[INFO] [stdout]    |
[INFO] [stdout] note: an implementation of `PartialEq` might be missing for `ContractVersion`
[INFO] [stdout]   --> src/lib.rs:27:1
[INFO] [stdout]    |
[INFO] [stdout] 27 | pub struct ContractVersion {
[INFO] [stdout]    | ^^^^^^^^^^^^^^^^^^^^^^^^^^ must implement `PartialEq`
[INFO] [stdout]    = note: this error originates in the macro `assert_eq` (in Nightly builds, run with -Z macro-backtrace for more info)
[INFO] [stdout] help: consider annotating `ContractVersion` with `#[derive(PartialEq)]`
[INFO] [stdout]    |
[INFO] [stdout] 27 + #[derive(PartialEq)]
[INFO] [stdout] 28 | pub struct ContractVersion {
[INFO] [stdout]    |
[INFO] [stdout] 
[INFO] [stdout] 
[INFO] [stdout] error: aborting due to 6 previous errors
[INFO] [stdout] 
[INFO] [stdout] 
[INFO] [stdout] Some errors have detailed explanations: E0277, E0432, E0599.
[INFO] [stdout] 
[INFO] [stdout] For more information about an error, try `rustc --explain E0277`.
[INFO] [stdout] 
[INFO] [stderr] error: could not compile `cw2` (lib) due to 7 previous errors
[INFO] [stderr] warning: build failed, waiting for other jobs to finish...
[INFO] [stdout] error[E0277]: `ContractVersion` doesn't implement `Debug`
[INFO] [stdout]   --> src/lib.rs:99:9
[INFO] [stdout]    |
[INFO] [stdout] 99 |         assert_eq!(expected, loaded);
[INFO] [stdout]    |         ^^^^^^^^^^^^^^^^^^^^^^^^^^^^ `ContractVersion` cannot be formatted using `{:?}`
[INFO] [stdout]    |
[INFO] [stdout]    = help: the trait `Debug` is not implemented for `ContractVersion`
[INFO] [stdout]    = note: add `#[derive(Debug)]` to `ContractVersion` or manually `impl Debug for ContractVersion`
[INFO] [stdout]    = note: this error originates in the macro `assert_eq` (in Nightly builds, run with -Z macro-backtrace for more info)
[INFO] [stdout] help: consider annotating `ContractVersion` with `#[derive(Debug)]`
[INFO] [stdout]    |
[INFO] [stdout] 27 + #[derive(Debug)]
[INFO] [stdout] 28 | pub struct ContractVersion {
[INFO] [stdout]    |
[INFO] [stdout] 
[INFO] [stdout] 
[INFO] [stdout] error[E0277]: `ContractVersion` doesn't implement `Debug`
[INFO] [stdout]   --> src/lib.rs:99:9
[INFO] [stdout]    |
[INFO] [stdout] 99 |         assert_eq!(expected, loaded);
[INFO] [stdout]    |         ^^^^^^^^^^^^^^^^^^^^^^^^^^^^ `ContractVersion` cannot be formatted using `{:?}`
[INFO] [stdout]    |
[INFO] [stdout]    = help: the trait `Debug` is not implemented for `ContractVersion`
[INFO] [stdout]    = note: add `#[derive(Debug)]` to `ContractVersion` or manually `impl Debug for ContractVersion`
[INFO] [stdout]    = note: this error originates in the macro `assert_eq` (in Nightly builds, run with -Z macro-backtrace for more info)
[INFO] [stdout] help: consider annotating `ContractVersion` with `#[derive(Debug)]`
[INFO] [stdout]    |
[INFO] [stdout] 27 + #[derive(Debug)]
[INFO] [stdout] 28 | pub struct ContractVersion {
[INFO] [stdout]    |
[INFO] [stdout] 
[INFO] [stdout] 
[INFO] [stdout] error: aborting due to 9 previous errors
[INFO] [stdout] 
[INFO] [stdout] 
[INFO] [stdout] Some errors have detailed explanations: E0277, E0369, E0432, E0599.
[INFO] [stdout] 
[INFO] [stdout] For more information about an error, try `rustc --explain E0277`.
[INFO] [stdout] 
[INFO] [stderr] error: could not compile `cw2` (lib test) due to 10 previous errors
[INFO] running `Command { std: "docker" "inspect" "03885bff031eac05326f82c19c5ef27222be5c8af81a445dfdcac6610212f50a", kill_on_drop: false }`
[INFO] running `Command { std: "docker" "rm" "-f" "03885bff031eac05326f82c19c5ef27222be5c8af81a445dfdcac6610212f50a", kill_on_drop: false }`
[INFO] [stdout] 03885bff031eac05326f82c19c5ef27222be5c8af81a445dfdcac6610212f50a
